g(6). Let p = -62 + 98. Calculate the highest common factor of f and p.
18
Let d = 27 - 10. What is the greatest common divisor of d and 187?
17
Suppose 5*x + 0*u = -2*u + 20, 4*x = 4*u + 44. What is the greatest common factor of 2 and x?
2
Let u = -6 - -10. Suppose 6*y = u*y + 144. What is the greatest common factor of y and 24?
24
Suppose 2*p + 0*p - 294 = 0. Let q = -7 - -20. Suppose 0 = -2*f - f - 3*w + 51, q = f + 2*w. Calculate the greatest common divisor of p and f.
21
Suppose 4*d + 4*g - 37 = 15, -6 = 3*g. Suppose 3*x - 2*x - 10 = -3*b, 2*b + 3*x - 9 = 0. Calculate the highest common divisor of b and d.
3
Let i(b) = 11*b**3 - b**2 + b. Let p be i(1). Let r be 12/66 + 20/11. Let g be -3 - (-36 - (r + -2)). What is the highest common factor of g and p?
11
Suppose 5*n + 2*o - 62 = -2*o, 5*n - 47 = o. Let m = 21 - n. Calculate the highest common divisor of m and 66.
11
Let v be (6/(-4))/(12/16). Let g be (0/v)/(1 - 0). Suppose 0 = -4*d - g*d + 28. Calculate the greatest common factor of 56 and d.
7
Suppose 2*d - 77 + 20 = -3*s, 2*d = 3*s - 69. Suppose -3*k = -0 - s. Calculate the greatest common factor of k and 63.
7
Let c be 132/8*(-4)/(-6). What is the highest common factor of c and 44?
11
Let g be (-13*1 - 0) + 0. Let w(k) = 4*k + 1. Let o be w(-1). Let q be g/(o/(2 - -1)). Calculate the greatest common factor of q and 13.
13
Suppose -4*w + 94 = c - 37, -5*c = -3*w + 127. Let v = 4 - 3. Let i be (-1*1)/(v/(-51)). What is the highest common factor of i and w?
17
Let x(w) = -w - 7. Let v be x(-7). Suppose -20 = -4*q + 4. Suppose q*a + 96 = 4*k + 2*a, -5*a = v. What is the highest common factor of 96 and k?
24
Let y(k) be the third derivative of -k**6/120 - k**5/15 + k**4/3 - 7*k**2. Let r be y(-7). Calculate the highest common divisor of 13 and r.
13
Suppose -5*c + 3*c - 2*u = 18, -u = 5*c + 37. Let i = -11 - c. Let k(o) = -25*o - 1. Let f be k(i). Calculate the greatest common divisor of f and 11.
11
Suppose 20 = 7*z - 3*z. What is the highest common factor of z and 45?
5
Let m(y) = -20*y + 4. Let u be m(-3). What is the greatest common divisor of u and 8?
8
Suppose 0*g = 3*g - 363. Let q = 19 - 8. Suppose 0 = 5*m - 4*m - q. What is the highest common factor of m and g?
11
Let h be ((417 + -2)/5 - 3) + 0. Calculate the greatest common divisor of h and 10.
10
Suppose -3*s + 353 = 53. Let t = 83 + 57. Let c = t + -100. What is the highest common factor of c and s?
20
Suppose -8 = -4*p + 4*j, 2*p - 5*j + 32 = 4*p. Let h be 25 - -3*(-2)/p. What is the highest common factor of h and 24?
24
Suppose 0 = -5*a + 5*u + 80, u = -4*a - 3*u + 80. What is the highest common factor of a and 18?
18
Suppose 0 = 5*q - 977 - 13. Calculate the highest common divisor of q and 18.
18
Suppose 0 = -4*o + 15 + 33. What is the greatest common factor of 12 and o?
12
Let q = -3 - -63. Suppose -q = 3*o - 8*o. Calculate the greatest common factor of 84 and o.
12
Let w(r) = 9*r - 3. Let l be w(4). Calculate the highest common factor of 55 and l.
11
Suppose -7*l = 4*o - 2*l - 356, -o = -5*l - 64. Let s = 9 + 0. Let c be 106/s - 4/(-18). Calculate the highest common factor of c and o.
12
Let b = -1 + 1. Suppose s + 5*f - 5 = 0, f = -s - b*f + 9. What is the greatest common divisor of 25 and s?
5
Let v = -6 - -26. Let q(r) = 2*r - 1. Let k be q(3). Calculate the highest common factor of k and v.
5
Let p = -3 + 12. Calculate the greatest common factor of p and 36.
9
Let k = -44 + 81. Suppose -k = -4*j + 11. Let i = j + -1. Calculate the greatest common divisor of 99 and i.
11
Let w be (10/(-15))/((-4)/6). Suppose 3 + 9 = 4*z. Let g be (-3)/(z/2) + 9. What is the greatest common divisor of w and g?
1
Suppose -c = -3*c + 50. Let i be (-3)/(-15) - (-24)/5. Calculate the highest common factor of c and i.
5
Let q = 47 + -69. Let v = q - -16. Let p = -2 - v. What is the highest common factor of p and 10?
2
Suppose -3*c + 12 = -2*w + 236, 0 = 4*w + 2*c - 448. Let k(y) = 5*y - 1. Let d be k(3). What is the greatest common factor of w and d?
14
Suppose 0*q + 5*q - 20 = -5*c, 0 = q + 3*c + 6. Calculate the highest common factor of q and 45.
9
Let y(o) = 34*o + 2. Let k be y(2). Calculate the highest common divisor of k and 35.
35
Let k(t) = -t**2 + 11*t - 4. Let o be k(3). Suppose 0*q - 2*q = -60. Calculate the greatest common divisor of o and q.
10
Suppose -4*c + 5*q = 32, 0*q - 2*q = -2*c - 14. Let m(f) = 6*f**2 + 4*f. Let r be m(c). What is the highest common divisor of r and 14?
14
Suppose h + 2*k = 118, -4*h + 2*k = 205 - 637. What is the greatest common factor of 22 and h?
22
Let p(t) = 54*t. Let m be p(2). Let n = -4 + 4. Let r = 12 - n. Calculate the greatest common divisor of r and m.
12
Suppose 14 + 43 = a. What is the highest common factor of 3 and a?
3
Let k(d) = -6*d + 6. Let j be k(3). Let y(x) = -2*x - 8. Let t be y(j). Suppose 0 = f + 3*f - 320. What is the highest common factor of t and f?
16
Let b = 503 - 352. Let l = b + -91. Let d(y) = y**2 + 3*y + 6. Let n be d(3). What is the highest common divisor of l and n?
12
Suppose -h - 3*h = -48. Let t = h + -7. Calculate the greatest common factor of 25 and t.
5
Let i be (49/4)/((-5)/(-20)). Let v(r) = 20*r**2 + 2*r - 1. Let b be v(1). Let w = b + -14. What is the highest common factor of i and w?
7
Let t(q) = -q**3 + 11*q**2 - 12*q + 2. Let b be t(9). Suppose 0*p = 4*z - p - 56, 0 = 4*z + 2*p - b. What is the greatest common factor of z and 35?
7
Let k(o) = -2*o**2 - o + 45. Let g be k(0). Calculate the greatest common factor of g and 90.
45
Let y = -8 + 13. Let q(p) = -p**2 + 6*p - 3. Let t be q(y). Suppose -2*a + 20 = -t. Calculate the highest common divisor of a and 88.
11
Suppose 4*b - 2*s - 94 = 0, 0*b + 5*s = b - 19. Calculate the highest common divisor of b and 168.
24
Suppose 276 = 3*u + 3*b, 2*u = -u + 4*b + 248. Suppose -5*q - 5 + 60 = 0. What is the highest common divisor of u and q?
11
Suppose -2*g - g + 13 = -2*j, -g + 3*j = -9. Calculate the greatest common factor of g and 3.
3
Let r be (-938)/(-3) + 2/(-3). Calculate the greatest common divisor of 39 and r.
39
Let z(r) = -r - 3. Let a be z(-5). Suppose -w + 2*w - 15 = a*o, 0 = -3*w + 3*o + 33. Let b = -23 - -44. Calculate the greatest common factor of w and b.
7
Let a = -18 - -50. Let d = 6 - 6. Suppose j + 4*u + 5 = 29, d = -4*j + 5*u + 12. Calculate the greatest common divisor of j and a.
8
Suppose -8*t + 16 = -12*t. Let m = 20 + t. Calculate the highest common factor of m and 16.
16
Suppose -2*j + 156 = 5*k, -5*k + j = -10*k + 158. What is the highest common divisor of k and 4?
4
Suppose 2*a + 2*l = 26, -5*a + 0*a - 4*l = -64. What is the greatest common divisor of 60 and a?
12
Let p be 2*4 + 6/3. Suppose -4*v = 2 - p. Let b be 107/6 + 4/24. What is the highest common factor of b and v?
2
Let h(r) = 9*r**3 + r**2. Let l be h(1). What is the greatest common factor of 5 and l?
5
Suppose 3 = a, 4*b - 3*a - a - 212 = 0. What is the greatest common divisor of 8 and b?
8
Suppose f - 4 + 0 = 0. Suppose -1 = -5*y + 4, -5*q + 399 = f*y. Let r = q - 51. What is the greatest common factor of r and 7?
7
Suppose 5*b - 3430 = g - 440, -2*b - 5*g + 1223 = 0. Suppose 3*i + 34 = -b. Let x = -146 - i. What is the highest common divisor of x and 13?
13
Suppose -q + b = 1 - 7, 3*q - 50 = -5*b. What is the highest common divisor of q and 10?
10
Let t = -112 + 123. What is the greatest common divisor of t and 55?
11
Suppose 5*m + 5*m = 690. What is the highest common factor of 23 and m?
23
Suppose 0*f = 2*f. Suppose f = -2*m + 6, 5*x = -3*m - 201 + 1010. Let o(v) = v**2 + 2*v + 5. Let g be o(-5). Calculate the greatest common factor of x and g.
20
Let a(f) = 7*f**2 - 12*f - 4. Let x(j) = -j**2 + j + 1. Let q(b) = a(b) + 6*x(b). Let y be q(7). Calculate the greatest common divisor of 36 and y.
9
Suppose -4*m + 21 = h, -4*h + m + 63 = h. Let g = 18 - h. Let p be 201/5 + 6/(-30). Calculate the greatest common divisor of p and g.
5
Suppose 6 = 5*j - w + 97, 5*w = 5. Let u be 6/(-27) + (-148)/j. What is the highest common divisor of u and 2?
2
Suppose 0 = 5*w, 0*w = -5*k + w + 5. Suppose 7*a - 3*a = 4. What is the greatest common factor of k and a?
1
Let x = 5 - -25. Suppose 0 = -5*q + 2*q - 4*n + x, 5*q - 79 = 3*n. Suppose 3*f - 431 + 53 = 0. What is the highest common f